{"id":8,"date":"2016-03-24T14:45:18","date_gmt":"2016-03-24T13:45:18","guid":{"rendered":"http:\/\/taxismetz.fr\/?page_id=8"},"modified":"2019-03-11T17:42:41","modified_gmt":"2019-03-11T16:42:41","slug":"contact","status":"publish","type":"page","link":"https:\/\/taxismetz.fr\/index.php\/contact\/","title":{"rendered":"Contact"},"content":{"rendered":"<h2>Formulaire de contact<\/h2>\n<p>Pour une demande de contact, de devis, une r\u00e9clamation ou de plus amples informations sur les taxis de Metz, merci prendre contact avec nous en laissant\u00a0un message !<\/p>\n<p>Nous y r\u00e9pondrons dans les plus brefs d\u00e9lais !<\/p>\n<p>En cas d&rsquo;urgence, merci de contacter les taxis de Metz au <a href=\"tel:0387569192\">03 87 56 91 92<\/a>.<\/p>\n\n<div class=\"wpcf7 no-js\" id=\"wpcf7-f7-o1\" lang=\"fr-FR\" dir=\"ltr\" data-wpcf7-id=\"7\">\n<div class=\"screen-reader-response\"><p role=\"status\" aria-live=\"polite\" aria-atomic=\"true\"><\/p> <ul><\/ul><\/div>\n<form action=\"\/index.php\/wp-json\/wp\/v2\/pages\/8#wpcf7-f7-o1\" method=\"post\" class=\"wpcf7-form init\" aria-label=\"Formulaire de contact\" novalidate=\"novalidate\" data-status=\"init\">\n<fieldset class=\"hidden-fields-container\"><input type=\"hidden\" name=\"_wpcf7\" value=\"7\" \/><input type=\"hidden\" name=\"_wpcf7_version\" value=\"6.1.5\" \/><input type=\"hidden\" name=\"_wpcf7_locale\" value=\"fr_FR\" \/><input type=\"hidden\" name=\"_wpcf7_unit_tag\" value=\"wpcf7-f7-o1\" \/><input type=\"hidden\" name=\"_wpcf7_container_post\" value=\"0\" \/><input type=\"hidden\" name=\"_wpcf7_posted_data_hash\" value=\"\" \/>\n<\/fieldset>\n<p>Votre nom (obligatoire)\n<\/p>\n<p><span class=\"wpcf7-form-control-wrap\" data-name=\"your-name\"><input size=\"40\" maxlength=\"400\" class=\"wpcf7-form-control wpcf7-text wpcf7-validates-as-required\" aria-required=\"true\" aria-invalid=\"false\" value=\"\" type=\"text\" name=\"your-name\" \/><\/span>\n<\/p>\n<p>Votre email (obligatoire)\n<\/p>\n<p><span class=\"wpcf7-form-control-wrap\" data-name=\"your-email\"><input size=\"40\" maxlength=\"400\" class=\"wpcf7-form-control wpcf7-email wpcf7-validates-as-required wpcf7-text wpcf7-validates-as-email\" aria-required=\"true\" aria-invalid=\"false\" value=\"\" type=\"email\" name=\"your-email\" \/><\/span>\n<\/p>\n<p>Sujet\n<\/p>\n<p><span class=\"wpcf7-form-control-wrap\" data-name=\"your-subject\"><input size=\"40\" maxlength=\"400\" class=\"wpcf7-form-control wpcf7-text\" aria-invalid=\"false\" value=\"\" type=\"text\" name=\"your-subject\" \/><\/span>\n<\/p>\n<p>Votre message (obligatoire)\n<\/p>\n<p><span class=\"wpcf7-form-control-wrap\" data-name=\"your-message\"><textarea cols=\"40\" rows=\"10\" maxlength=\"500\" minlength=\"20\" class=\"wpcf7-form-control wpcf7-textarea wpcf7-validates-as-required\" aria-required=\"true\" aria-invalid=\"false\" name=\"your-message\"><\/textarea><\/span>\n<\/p>\n<p><span class=\"wpcf7-form-control-wrap\" data-name=\"capital-quiz\"><label><span class=\"wpcf7-quiz-label\">Quel est le chiffre le plus \u00e9lev\u00e9, 2 ou 8 ?<\/span> <input size=\"40\" class=\"wpcf7-form-control wpcf7-quiz\" autocomplete=\"off\" aria-required=\"true\" aria-invalid=\"false\" type=\"text\" name=\"capital-quiz\" \/><\/label><input type=\"hidden\" name=\"_wpcf7_quiz_answer_capital-quiz\" value=\"9d7dd7e80f6c318c30f885395b9e5639\" \/><\/span>\n<\/p>\n<p>En cochant cette case, j'autorise les Taxis de Metz \u00e0 utiliser les donn\u00e9es personnelles saisies afin de proc\u00e9der au traitement de ma demande. (obligatoire) <span class=\"wpcf7-form-control-wrap\" data-name=\"acceptance-652\"><span class=\"wpcf7-form-control wpcf7-acceptance\"><span class=\"wpcf7-list-item\"><input type=\"checkbox\" name=\"acceptance-652\" value=\"1\" aria-invalid=\"false\" \/><\/span><\/span><\/span>\n<\/p>\n<p><input class=\"wpcf7-form-control wpcf7-submit has-spinner\" type=\"submit\" value=\"Envoyer\" \/>\n<\/p><p style=\"display: none !important;\" class=\"akismet-fields-container\" data-prefix=\"_wpcf7_ak_\"><label>&#916;<textarea name=\"_wpcf7_ak_hp_textarea\" cols=\"45\" rows=\"8\" maxlength=\"100\"><\/textarea><\/label><input type=\"hidden\" id=\"ak_js_1\" name=\"_wpcf7_ak_js\" value=\"74\"\/><script>document.getElementById( \"ak_js_1\" ).setAttribute( \"value\", ( new Date() ).getTime() );<\/script><\/p><div class=\"wpcf7-response-output\" aria-hidden=\"true\"><\/div>\n<\/form>\n<\/div>\n\n<p>En cas de probl\u00e8me relatif au site Internet, merci de contacter le Webmaster en cliquant sur le lien suivant : <a href=\"mailto:guillaume.jobard@gmx.com\">Contacter le Webmaster<\/a>.<\/p>\n","protected":false},"excerpt":{"rendered":"<p>Formulaire de contact Pour une demande de contact, de devis, une r\u00e9clamation ou de plus amples informations sur les taxis de Metz, merci prendre contact avec nous en laissant\u00a0un message ! Nous y r\u00e9pondrons dans les plus brefs d\u00e9lais ! En cas d&rsquo;urgence, merci de contacter les taxis de Metz au 03 87 56 91 [&hellip;]<\/p>\n","protected":false},"author":1,"featured_media":0,"parent":0,"menu_order":0,"comment_status":"closed","ping_status":"closed","template":"","meta":{"jetpack_post_was_ever_published":false,"footnotes":""},"class_list":["post-8","page","type-page","status-publish","hentry"],"yoast_head":"<!-- This site is optimized with the Yoast SEO plugin v27.1.1 - https:\/\/yoast.com\/product\/yoast-seo-wordpress\/ -->\n<title>Formulaire de contact - Taxis de Metz<\/title>\n<meta name=\"description\" content=\"Pour une demande de contact, de devis, une r\u00e9clamation ou de plus amples informations sur les taxis de Metz, merci de nous laisser un message !\" \/>\n<meta name=\"robots\" content=\"index, follow, max-snippet:-1, max-image-preview:large, max-video-preview:-1\" \/>\n<link rel=\"canonical\" href=\"https:\/\/taxismetz.fr\/index.php\/contact\/\" \/>\n<meta property=\"og:locale\" content=\"fr_FR\" \/>\n<meta property=\"og:type\" content=\"article\" \/>\n<meta property=\"og:title\" content=\"Formulaire de contact - Taxis de Metz\" \/>\n<meta property=\"og:description\" content=\"Pour une demande de contact, de devis, une r\u00e9clamation ou de plus amples informations sur les taxis de Metz, merci de nous laisser un message !\" \/>\n<meta property=\"og:url\" content=\"https:\/\/taxismetz.fr\/index.php\/contact\/\" \/>\n<meta property=\"og:site_name\" content=\"Taxis de Metz\" \/>\n<meta property=\"article:modified_time\" content=\"2019-03-11T16:42:41+00:00\" \/>\n<meta name=\"twitter:card\" content=\"summary_large_image\" \/>\n<script type=\"application\/ld+json\" class=\"yoast-schema-graph\">{\"@context\":\"https:\/\/schema.org\",\"@graph\":[{\"@type\":\"WebPage\",\"@id\":\"https:\/\/taxismetz.fr\/index.php\/contact\/\",\"url\":\"https:\/\/taxismetz.fr\/index.php\/contact\/\",\"name\":\"Formulaire de contact - Taxis de Metz\",\"isPartOf\":{\"@id\":\"https:\/\/taxismetz.fr\/#website\"},\"datePublished\":\"2016-03-24T13:45:18+00:00\",\"dateModified\":\"2019-03-11T16:42:41+00:00\",\"description\":\"Pour une demande de contact, de devis, une r\u00e9clamation ou de plus amples informations sur les taxis de Metz, merci de nous laisser un message !\",\"breadcrumb\":{\"@id\":\"https:\/\/taxismetz.fr\/index.php\/contact\/#breadcrumb\"},\"inLanguage\":\"fr-FR\",\"potentialAction\":[{\"@type\":\"ReadAction\",\"target\":[\"https:\/\/taxismetz.fr\/index.php\/contact\/\"]}]},{\"@type\":\"BreadcrumbList\",\"@id\":\"https:\/\/taxismetz.fr\/index.php\/contact\/#breadcrumb\",\"itemListElement\":[{\"@type\":\"ListItem\",\"position\":1,\"name\":\"Accueil\",\"item\":\"https:\/\/taxismetz.fr\/\"},{\"@type\":\"ListItem\",\"position\":2,\"name\":\"Contact\"}]},{\"@type\":\"WebSite\",\"@id\":\"https:\/\/taxismetz.fr\/#website\",\"url\":\"https:\/\/taxismetz.fr\/\",\"name\":\"Taxis de Metz\",\"description\":\"Les artisans taxis de Metz \u00e0 votre service au 03 87 56 91 92\",\"publisher\":{\"@id\":\"https:\/\/taxismetz.fr\/#organization\"},\"potentialAction\":[{\"@type\":\"SearchAction\",\"target\":{\"@type\":\"EntryPoint\",\"urlTemplate\":\"https:\/\/taxismetz.fr\/?s={search_term_string}\"},\"query-input\":{\"@type\":\"PropertyValueSpecification\",\"valueRequired\":true,\"valueName\":\"search_term_string\"}}],\"inLanguage\":\"fr-FR\"},{\"@type\":\"Organization\",\"@id\":\"https:\/\/taxismetz.fr\/#organization\",\"name\":\"GIE des Taxis de Metz\",\"url\":\"https:\/\/taxismetz.fr\/\",\"logo\":{\"@type\":\"ImageObject\",\"inLanguage\":\"fr-FR\",\"@id\":\"https:\/\/taxismetz.fr\/#\/schema\/logo\/image\/\",\"url\":\"https:\/\/taxismetz.fr\/wp-content\/uploads\/2016\/03\/cropped-icon175x1751.png\",\"contentUrl\":\"https:\/\/taxismetz.fr\/wp-content\/uploads\/2016\/03\/cropped-icon175x1751.png\",\"width\":512,\"height\":512,\"caption\":\"GIE des Taxis de Metz\"},\"image\":{\"@id\":\"https:\/\/taxismetz.fr\/#\/schema\/logo\/image\/\"}}]}<\/script>\n<!-- \/ Yoast SEO plugin. -->","yoast_head_json":{"title":"Formulaire de contact - Taxis de Metz","description":"Pour une demande de contact, de devis, une r\u00e9clamation ou de plus amples informations sur les taxis de Metz, merci de nous laisser un message !","robots":{"index":"index","follow":"follow","max-snippet":"max-snippet:-1","max-image-preview":"max-image-preview:large","max-video-preview":"max-video-preview:-1"},"canonical":"https:\/\/taxismetz.fr\/index.php\/contact\/","og_locale":"fr_FR","og_type":"article","og_title":"Formulaire de contact - Taxis de Metz","og_description":"Pour une demande de contact, de devis, une r\u00e9clamation ou de plus amples informations sur les taxis de Metz, merci de nous laisser un message !","og_url":"https:\/\/taxismetz.fr\/index.php\/contact\/","og_site_name":"Taxis de Metz","article_modified_time":"2019-03-11T16:42:41+00:00","twitter_card":"summary_large_image","schema":{"@context":"https:\/\/schema.org","@graph":[{"@type":"WebPage","@id":"https:\/\/taxismetz.fr\/index.php\/contact\/","url":"https:\/\/taxismetz.fr\/index.php\/contact\/","name":"Formulaire de contact - Taxis de Metz","isPartOf":{"@id":"https:\/\/taxismetz.fr\/#website"},"datePublished":"2016-03-24T13:45:18+00:00","dateModified":"2019-03-11T16:42:41+00:00","description":"Pour une demande de contact, de devis, une r\u00e9clamation ou de plus amples informations sur les taxis de Metz, merci de nous laisser un message !","breadcrumb":{"@id":"https:\/\/taxismetz.fr\/index.php\/contact\/#breadcrumb"},"inLanguage":"fr-FR","potentialAction":[{"@type":"ReadAction","target":["https:\/\/taxismetz.fr\/index.php\/contact\/"]}]},{"@type":"BreadcrumbList","@id":"https:\/\/taxismetz.fr\/index.php\/contact\/#breadcrumb","itemListElement":[{"@type":"ListItem","position":1,"name":"Accueil","item":"https:\/\/taxismetz.fr\/"},{"@type":"ListItem","position":2,"name":"Contact"}]},{"@type":"WebSite","@id":"https:\/\/taxismetz.fr\/#website","url":"https:\/\/taxismetz.fr\/","name":"Taxis de Metz","description":"Les artisans taxis de Metz \u00e0 votre service au 03 87 56 91 92","publisher":{"@id":"https:\/\/taxismetz.fr\/#organization"},"potentialAction":[{"@type":"SearchAction","target":{"@type":"EntryPoint","urlTemplate":"https:\/\/taxismetz.fr\/?s={search_term_string}"},"query-input":{"@type":"PropertyValueSpecification","valueRequired":true,"valueName":"search_term_string"}}],"inLanguage":"fr-FR"},{"@type":"Organization","@id":"https:\/\/taxismetz.fr\/#organization","name":"GIE des Taxis de Metz","url":"https:\/\/taxismetz.fr\/","logo":{"@type":"ImageObject","inLanguage":"fr-FR","@id":"https:\/\/taxismetz.fr\/#\/schema\/logo\/image\/","url":"https:\/\/taxismetz.fr\/wp-content\/uploads\/2016\/03\/cropped-icon175x1751.png","contentUrl":"https:\/\/taxismetz.fr\/wp-content\/uploads\/2016\/03\/cropped-icon175x1751.png","width":512,"height":512,"caption":"GIE des Taxis de Metz"},"image":{"@id":"https:\/\/taxismetz.fr\/#\/schema\/logo\/image\/"}}]}},"jetpack_sharing_enabled":true,"jetpack_shortlink":"https:\/\/wp.me\/P7E1jL-8","_links":{"self":[{"href":"https:\/\/taxismetz.fr\/index.php\/wp-json\/wp\/v2\/pages\/8","targetHints":{"allow":["GET"]}}],"collection":[{"href":"https:\/\/taxismetz.fr\/index.php\/wp-json\/wp\/v2\/pages"}],"about":[{"href":"https:\/\/taxismetz.fr\/index.php\/wp-json\/wp\/v2\/types\/page"}],"author":[{"embeddable":true,"href":"https:\/\/taxismetz.fr\/index.php\/wp-json\/wp\/v2\/users\/1"}],"replies":[{"embeddable":true,"href":"https:\/\/taxismetz.fr\/index.php\/wp-json\/wp\/v2\/comments?post=8"}],"version-history":[{"count":7,"href":"https:\/\/taxismetz.fr\/index.php\/wp-json\/wp\/v2\/pages\/8\/revisions"}],"predecessor-version":[{"id":123,"href":"https:\/\/taxismetz.fr\/index.php\/wp-json\/wp\/v2\/pages\/8\/revisions\/123"}],"wp:attachment":[{"href":"https:\/\/taxismetz.fr\/index.php\/wp-json\/wp\/v2\/media?parent=8"}],"curies":[{"name":"wp","href":"https:\/\/api.w.org\/{rel}","templated":true}]}}